rs of 58830?
2, 3, 5, 37, 53
List the prime factors of 373.
373
What are the prime factors of 34010?
2, 5, 19, 179
What are the prime factors of 677?
677
List the prime factors of 4611.
3, 29, 53
List the prime factors of 1444.
2, 19
List the prime factors of 51131.
51131
List the prime factors of 1812.
2, 3, 151
What are the prime factors of 2702?
2, 7, 193
What are the prime factors of 1214?
2, 607
List the prime factors of 4813.
4813
List the prime factors of 773.
773
What are the prime factors of 2338?
2, 7, 167
What are the prime factors of 527?
17, 31
What are the prime factors of 4099?
4099
What are the prime factors of 4900?
2, 5, 7
What are the prime factors of 2050?
2, 5, 41
What are the prime factors of 86128?
2, 7, 769
What are the prime factors of 252?
2, 3, 7
List the prime factors of 4330.
2, 5, 433
What are the prime factors of 184352?
2, 7, 823
What are the prime factors of 8462?
2, 4231
What are the prime factors of 29825?
5, 1193
List the prime factors of 304.
2, 19
What are the prime factors of 14875?
5, 7, 17
What are the prime factors of 1983?
3, 661
List the prime factors of 3583.
3583
List the prime factors of 1875.
3, 5
List the prime factors of 25861.
11, 2351
List the prime factors of 433.
433
What are the prime factors of 11570?
2, 5, 13, 89
What are the prime factors of 238?
2, 7, 17
List the prime factors of 690.
2, 3, 5, 23
What are the prime factors of 665?
5, 7, 19
List the prime factors of 3054.
2, 3, 509
What are the prime factors of 3103?
29, 107
List the prime factors of 2270.
2, 5, 227
What are the prime factors of 7218?
2, 3, 401
List the prime factors of 14933.
109, 137
List the prime factors of 5880.
2, 3, 5, 7
List the prime factors of 1527.
3, 509
List the prime factors of 107669.
67, 1607
List the prime factors of 3820.
2, 5, 191
List the prime factors of 375.
3, 5
What are the prime factors of 1112?
2, 139
What are the prime factors of 1937?
13, 149
List the prime factors of 11866.
2, 17, 349
List the prime factors of 1422.
2, 3, 79
What are the prime factors of 47544?
2, 3, 7, 283
What are the prime factors of 784?
2, 7
List the prime factors of 12763.
12763
What are the prime factors of 23317?
7, 3331
What are the prime factors of 393?
3, 131
What are the prime factors of 7794?
2, 3, 433
List the prime factors of 1061.
1061
List the prime factors of 157.
157
What are the prime factors of 25704?
2, 3, 7, 17
List the prime factors of 588.
2, 3, 7
What are the prime factors of 475?
5, 19
List the prime factors of 3782.
2, 31, 61
List the prime factors of 7156.
2, 1789
What are the prime factors of 45609?
3, 23, 661
What are the prime factors of 33996?
2, 3, 2833
What are the prime factors of 665?
5, 7, 19
List the prime factors of 20936.
2, 2617
What are the prime factors of 6142?
2, 37, 83
List the prime factors of 1084.
2, 271
What are the prime factors of 4336?
2, 271
List the prime factors of 3275.
5, 131
List the prime factors of 11295.
3, 5, 251
What are the prime factors of 4173?
3, 13, 107
List the prime factors of 7675.
5, 307
What are the prime factors of 62?
2, 31
List the prime factors of 1913.
1913
List the prime factors of 30300.
2, 3, 5, 101
What are the prime factors of 2909?
2909
List the prime factors of 1823.
1823
List the prime factors of 1218.
2, 3, 7, 29
List the prime factors of 13883.
13883
What are the prime factors of 107860?
2, 5, 5393
List the prime factors of 9217.
13, 709
What are the prime factors of 1587?
3, 23
List the prime factors of 357.
3, 7, 17
List the prime factors of 27654.
2, 3, 11, 419
What are the prime factors of 2850?
2, 3, 5, 19
What are the prime factors of 22485?
3, 5, 1499
What are the prime factors of 11955?
3, 5, 797
What are the prime factors of 42515?
5, 11, 773
List the prime factors of 20089.
20089
What are the prime factors of 30762?
2, 3, 1709
List the prime factors of 111627.
3, 79, 157
What are the prime factors of 19184?
2, 11, 109
What are the prime factors of 1539?
3, 19
List the prime factors of 4082.
2, 13, 157
List the prime factors of 14818.
2, 31, 239
What are the prime factors of 4331?
61, 71
What are the prime factors of 88119?
3, 9791
What are the prime factors of 33563?
33563
What are the prime factors of 3629?
19, 191
What are the prime factors of 1867?
1867
List the prime factors of 4713.
3, 1571
List the prime factors of 11079.
3, 1231
List the prime factors of 34072.
2, 4259
List the prime factors of 12155.
5, 11, 13, 17
List the prime factors of 13491.
3, 1499
What are the prime factors of 1885?
5, 13, 29
What are the prime factors of 793?
13, 61
List the prime factors of 921.
3, 307
List the prime factors of 2262.
2, 3, 13, 29
What are the prime factors of 4270?
2, 5, 7, 61
List the prime factors of 6996.
2, 3, 11, 53
List the prime factors of 1176.
2, 3, 7
List the prime factors of 22907.
22907
List the prime factors of 333.
3, 37
List the prime factors of 2441.
2441
What are the prime factors of 42113?
23, 1831
List the prime factors of 3087.
3, 7
What are the prime factors of 117224?
2, 14653
List the prime factors of 51142.
2, 7, 13, 281
What are the prime factors of 1187?
1187
List the prime factors of 505.
5, 101
What are the prime factors of 488?
2, 61
What are the prime factors of 12167?
23
List the prime factors of 581.
7, 83
List the prime factors of 580.
2, 5, 29
What are the prime factors of 8447?
8447
List the prime factors of 17275.
5, 691
What are the prime factors of 672?
2, 3, 7
List the prime factors of 48449.
48449
What are the prime factors of 11754?
2, 3, 653
List the prime factors of 32383.
13, 47, 53
List the prime factors of 1817.
23, 79
What are the prime factors of 150965?
5, 109, 277
What are the prime factors of 19197?
3, 79
List the prime factors of 866.
2, 433
List the prime factors of 117006.
2, 3, 19501
What are the prime factors of 9805?
5, 37, 53
List the prime factors of 81779.
53, 1543
What are the prime factors of 12023?
11, 1093
What are the prime factors of 753?
3, 251
List the prime factors of 16393.
13, 97
List the prime factors of 2498.
2, 1249
What are the prime factors of 15862?
2, 7, 11, 103
List the prime factors of 13843.
109, 127
List the prime factors of 1061.
1061
List the prime factors of 35483.
7, 37, 137
List the prime factors of 71734.
2, 13, 31, 89
List the prime factors of 2718.
2, 3, 151
List the prime factors of 13978.
2, 29, 241
List the prime factors of 181.
181
What are the prime factors of 1520?
2, 5, 19
List the prime factors of 24966.
2, 3, 19, 73
What are the prime factors of 897?
3, 13, 23
What are the prime factors of 7304?
2, 11, 83
List the prime factors of 4714.
2, 2357
What are the prime factors of 744?
2, 3, 31
List the prime factors of 40715.
5, 17, 479
What are the prime factors of 2000?
2, 5
List the prime factors of 44808.
2, 3, 1867
List the prime factors of 16780.
2, 5, 839
List the prime factors of 1743.
3, 7, 83
What are the prime factors of 635?
5, 127
What are the prime factors of 942?
2, 3, 157
What are the prime factors of 129732?
2, 3, 19, 569
List the prime factors of 58920.
2, 3, 5, 491
What are the prime factors of 29413?
67, 439
List the prime factors of 10093.
10093
List the prime factors of 1047.
3, 349
List the prime factors of 123258.
2, 3, 20543
What are the prime factors of 489?
3, 163
What are the prime factors of 1500?
2, 3, 5
What are the prime factors of 2225?
5, 89
What are the prime factors of 62574?
2, 3, 10429
List the prime factors of 2439.
3, 271
List the prime factors of 85560.
2, 3, 5, 23, 31
List the prime factors of 119474.
2, 31, 41, 47
What are the prime factors of 2086?
2, 7, 149
List the prime factors of 19623.
3, 31, 211
What are the prime factors of 2087?
2087
What are the prime factors of 2713?
2713
What are the prime factors of 54425?
5, 7, 311
What are the prime factors of 13129?
19, 691
List the prime factors of 1366.
2, 683
What are the prime factors of 2694?
2, 3, 449
What are the prime factors of 2101?
11, 191
What are the prime factors of 119779?
11, 10889
List the prime factors of 39416.
2, 13, 379
What are the prime factors of 5135?
5, 13, 79
List the prime factors of 33470.
2, 5, 3347
List the prime factors of 1588.
2, 397
List the prime factors of 1917.
3, 71
What are the prime factors of 6385?